ppose j*u - 18*c - 2572 = -14*c, -u + 2*c = -512. What is the hundreds digit of u?
5
Let k = -52 - -50. Let i be ((-42)/35)/(k/35). What is the units digit of (i/14)/(2/76)?
7
What is the tens digit of (-28560)/(-15) + 7/(5 + -4)?
1
What is the tens digit of (-3 - (-6440)/100)*410?
7
Let k(i) = 1228*i - 2505. What is the ten thousands digit of k(11)?
1
What is the tens digit of (4 - 208/28)*11998/(-3)?
1
Let l = 5161 - 2041. Suppose 2 = -8*k + 7*k, 0 = -4*w - 4*k + l. What is the tens digit of w?
8
Let v(k) = -634*k + 2. Let h be v(-1). Suppose -29*j = -26*j - h. What is the units digit of j?
2
Suppose -5*f - 20 - 10 = 0, 0 = -5*t - 4*f + 21981. What is the hundreds digit of t?
4
Let n(l) = 484*l - 1077. What is the hundreds digit of n(30)?
4
Let z(r) = r**2 + 2*r - 2. Let u be z(1). Let v be (3 + u)/4 - 33. What is the hundreds digit of 3/2 + (-3536)/v?
1
Let l(b) = 2*b + 38. Let t(w) = -w**3 - 7*w**2 + 6*w + 2. Let v be t(-8). What is the units digit of l(v)?
4
Suppose -4*r = -5*d - 40256, -150*d + 146*d = 5*r - 50279. What is the ten thousands digit of r?
1
Let u be 2 - (-5 + 2/1). Suppose 8*l - 3*l = u*g + 1465, -2*g + 6 = 0. What is the units digit of l?
6
Let z(u) = 2*u**3 - 13*u**2 + 21*u - 26. Let w be z(8). Let h = 738 - w. What is the hundreds digit of h?
4
Suppose 14*m = 8*m + 13782. What is the units digit of m?
7
Let r = -329 - -367. Suppose -f = -290 - r. What is the tens digit of f?
2
Let b(a) = -a**3 - 3. Let o be b(0). Let m(n) = 42*n + 6. Let q be m(o). Let w = 255 + q. What is the hundreds digit of w?
1
Suppose -4*u + n = -39901, 19937 = 2*u - 27*n + 22*n. What is the tens digit of u?
7
Let d(q) = -q + 16. Let r(i) = -5*i + 65. Let g(z) = 9*d(z) - 2*r(z). Let k be g(4). Suppose k*n - 944 = 2*n. What is the tens digit of n?
5
Let m(q) = 9*q**3 - 4*q**2 + q - 6. Let z(l) = -4*l - 28. Let t be z(-8). Suppose -t*s = -9*x + 6*x + 5, 2*x + 5*s = 11. What is the tens digit of m(x)?
0
Let x(r) = -5*r**2 + 5*r + 147. Let l = -448 + 448. What is the units digit of x(l)?
7
Let g = 858 - 854. Suppose g*t = 10*t - 6924. What is the units digit of t?
4
Suppose -2826 = -2*d - 3*y, 265 = -d + y + 1683. Let b = -240 + d. What is the hundreds digit of b?
1
Let g(m) = -8 + 3*m**2 + 0*m**3 + 2*m**3 + 0*m**2 - 3*m + 2*m. Let d be g(3). What is the units digit of d/8 + (-1)/(-4)?
9
What is the units digit of (1 - 40)/(549/(-3111))?
1
Suppose 0 = -g - 3, -4*g - 38 - 139 = 5*z. Let w = 393 + z. What is the hundreds digit of w?
3
What is the thousands digit of 63022/3 - 4/(-21)*-7?
1
Let c = -7974 + 28428. What is the hundreds digit of c?
4
Let p be (7 - 2) + -8 + (-3)/1. What is the hundreds digit of (-2008)/42*-3 + p/14?
1
Let b = -1087 + 285. What is the hundreds digit of (0 + -2 - -1)*(b - 22)?
8
Suppose 0 = 88*n - 272*n + 673887 + 1086809. What is the hundreds digit of n?
5
Let v be 9756/42 - 4/14. Suppose v = -21*l + 23*l. Suppose 0 = 3*q - 290 + l. What is the tens digit of q?
5
What is the units digit of ((450/(-1))/2)/(144/(-672))?
0
Let g(n) = -2809*n + 2*n**3 + 19 - 2816*n - 14*n**2 + 5589*n. What is the hundreds digit of g(11)?
5
Suppose d = -5*c + 5763, -11682 = -3*d - 2*c + 5672. What is the tens digit of d?
8
Suppose -4 = 9*a - 5*a, 0 = -3*k - 2*a - 14. What is the units digit of (-752)/k + 15/(-5)?
5
Let o = -71 - -88. Let g = o + -12. Suppose -g*d + 2600 = 8*d. What is the tens digit of d?
0
What is the tens digit of 6479 - (7 + (-195)/15)?
8
Suppose -4*m = -36*z + 38*z - 6672, -4*m + 2*z + 6696 = 0. What is the units digit of m?
1
Suppose 2*h - 35*y + 38*y - 11465 = 0, 5*y = 5*h - 28650. What is the thousands digit of h?
5
Suppose w + 5*j = 25, 4*w + 5*j - 6*j = 16. Suppose -2*h = -w - 1. Suppose 47 = g - 3*p - 39, -h*g - p = -228. What is the tens digit of g?
7
Let a = -1019 + 12304. What is the hundreds digit of a?
2
Let h(o) be the third derivative of -o**6/40 - 23*o**5/60 + 11*o**4/24 + 14*o**3/3 - 4*o**2 + 3. What is the tens digit of h(-10)?
1
Let o be ((-38)/10 + 5)/((-2)/(-15)). Let v(w) = -2*w**2 + 8*w + 22. Let i be v(o). Let k = i + 91. What is the tens digit of k?
2
Let t(g) = -g**3 + 8*g**2 + 8*g + 12. Let l(n) = -35*n**3 + 2*n**2 + n - 1. Let u be l(-1). Suppose 5*o + 0*o - u = 0. What is the tens digit of t(o)?
1
Let c(g) = -5*g**3 + 59*g**2 + 575*g - 19. What is the units digit of c(-12)?
7
Let r = -465 + 226. Let j = r + 311. What is the units digit of j?
2
Suppose -x - 4*b + 6 = 2*x, x - 2 = -5*b. Let c(s) = -103 - 4*s + 10*s**2 + 102 - x*s. What is the tens digit of c(3)?
7
Suppose 2*o - 272 = -0*o + 5*b, 5*b = -10. Let m = 50 + o. Suppose 2*y = 3*q - 123, -4*q - 3*y = -0*y - m. What is the units digit of q?
3
Let b be -8 + 6 + 9/(9/(-2)). What is the tens digit of 1006 + 12/3 + b?
0
What is the units digit of 5455/(4/(-26) - 5696/(-9984))?
2
Let m(t) = t**3 - 7*t**2 + 3*t - 20. Let s be m(7). Let p be s*(2 + -3)*0. What is the units digit of p - 5/((-15)/117)?
9
Suppose -4*w = 6*w + 11480. Let m = w - -1745. What is the units digit of 7/28 - m/(-12)?
0
Let z be (24/72)/((-1)/63). What is the units digit of 1 - ((-3)/z - 10361/7)?
1
Let k(m) = 445*m - 273. Let h be k(-6). Let z = h - -4414. What is the units digit of z?
1
Let z = -6727 - -10753. Suppose 7*j - z = -4*j. What is the hundreds digit of j?
3
Let q(r) = r + 147. Suppose o + 9*x = 7*x - 17, 4*o + x + 68 = 0. What is the units digit of q(o)?
0
Suppose -11*v + 1533 = -3*p - 10*v, -3*p - v - 1533 = 0. Let y = p - -1120. What is the tens digit of y?
0
Let d be (-5)/25*(-34 - 1). Suppose 3*a + 4*a = d. What is the tens digit of a*((-400)/(-4) - 5)?
9
Let v(r) = -2*r**2 + 37*r + 17. Let g be v(19). Let y be 3*g/((-6)/5). Suppose m = y*m - 188. What is the tens digit of m?
4
Let i(j) = -2*j**3 + 5*j**2 + 7*j - 4. Let g be i(3). Let o(m) = 4*m + 3*m - g + m - 16. What is the units digit of o(10)?
6
Suppose 8 = u + 3. Let f(c) be the third derivative of 2*c**4/3 - c**3/6 + 8*c**2. What is the units digit of f(u)?
9
Let d(y) = 185*y + 9 + 2 - 99*y + 10 + 121*y. What is the units digit of d(2)?
5
Let m = -2 - 178. Let n = m - -700. What is the hundreds digit of n?
5
Suppose -21 + 3 = -c. Suppose c*s + 329 = 19*s. What is the tens digit of s?
2
What is the units digit of (-1 + -8974)*84/(-24) - 4/(-8)?
3
Let b be ((29 - 2)/3)/(15/130). Suppose 103 = 5*t + b. Suppose t*v - 1436 + 558 = -3*n, -v + 1478 = 5*n. What is the hundreds digit of n?
2
Let z(s) = -897*s - 213. What is the hundreds digit of z(-12)?
5
Let r(s) be the third derivative of 58*s**5/15 - 7*s**4/24 - 5*s**3/2 - 11*s**2 + 1. What is the tens digit of r(-2)?
2
Let h be 8/52*65/10. Let p(d) = 707*d - 7. What is the hundreds digit of p(h)?
7
Let o = -21198 + 35721. What is the ten thousands digit of o?
1
What is the ten thousands digit of (6 + (-1616)/(-24))*(-8340)/(-50)?
1
Suppose -2*d - d = 4*l - 13603, 2*l = -5*d + 22667. Let x = d + -3214. What is the units digit of x?
9
What is the hundreds digit of -21*(1 + (-72)/63) + 22510/2?
2
Let g(l) = l**3 - 7*l**2 + 5*l + 19. Suppose -32 = -2*n - 14. What is the hundreds digit of g(n)?
2
Let k = -765 + 843. Suppose -c = -124 - 86. Suppose -6*w + c = -k. What is the tens digit of w?
4
Suppose 122*o - 282*o + 2565440 = 0. What is the hundreds digit of o?
0
Suppose -5*f - 14109 = -4*a, 6*f = -2*a + 9*f + 7055. What is the thousands digit of a?
3
Let z = 9363 + 24248. What is the thousands digit of z?
3
Let l = 253 + -109. Suppose -15*t + 9 = l. What is the units digit of -53*(-3)/t*-3*3?
9
What is the units digit of 3538/(-87)*(-900)/8?
5
Let z = 31 + -28. Suppose v - 4*j = 71, 187 = z*v + 5*j - 4*j. Suppose -o = -v + 36. What is the tens digit of o?
2
Suppose 3*n + 498 = 4*s - 696, 4*s = -4*n - 1592. Let t be (n/(-4))/((-5)/(-70)). Suppose -10*l = -3*l - t. What is the hundreds digit of l?
1
Let t(v) = -5725*v - 36. Let m be t(-5). What is the units digit of m/99 + (-4 - 152/(-36))?
9
Let v(h) = -1643*h - 83. What is the thousands digit of v(-7)?
1
Let y = -15055 - -31749. What is the thousands digit of y?
6
Suppose -9*n + 10*n = -5*b + 5, 4*b - 28 = -2*n. Suppose 4*g - 2931 = -v, n*v - 18*v = 2*g - 1458. What is the units digit of g?
2
Suppose 4*u + 2*g + 35578 = 150562, -u - 4*g + 28746 = 0. What is the ten thousands digit of u?
2
Suppose -6*w = -498 -